t of w/5 - x/5?
9
Let o(c) = c**3 + 18*c**2 - 20*c + 24. Let n be -16 - (0 + 2 + -3 + 4). What is the units digit of o(n)?
3
Let o = 160 + -53. Suppose 333 + o = 5*k. What is the units digit of k?
8
What is the hundreds digit of 453/((12/88)/(7/14))?
6
Let x be ((-8)/(-2))/4*0. Suppose -4*k = k + 4*z - 335, x = -4*z. What is the units digit of k?
7
Let f = 457 + 190. What is the hundreds digit of f?
6
Suppose 4 = -4*m + 6*m. Suppose -5*w - n + 0*n = -14, 5*w + m*n = 18. Suppose -3*r = -r + w*h - 48, -3*r + 74 = 2*h. What is the tens digit of r?
2
Suppose h - 17 - 7 = 0. Let g = h + -8. What is the units digit of g?
6
Let u be (-36)/(-10)*(7 - 2). Let y = u - 10. Suppose -2*c = -y, -2*z + 30 = -2*c - c. What is the units digit of z?
1
Suppose -6*g + 16 + 230 = 0. What is the tens digit of g?
4
Let i = -21 + 26. Let u be 1380/(-15)*i/(-4). Suppose -u = -2*q - 3*q. What is the units digit of q?
3
Suppose -117 = 3*r - a - 1566, 2*r - a = 966. What is the units digit of r?
3
Suppose -33*d = 83*d - 462260. What is the tens digit of d?
8
Let o = -12 - -11. Let c be -7 + 9 + (-1 - o). Suppose -c*n - 36 = -142. What is the units digit of n?
3
Let i be 1*(-2)/2 + 13. Suppose i*w - 1925 = 5*w. What is the tens digit of w?
7
Let s = -21 + -4. Let f = -22 - s. Suppose -23 = 2*b - f*b. What is the units digit of b?
3
Let v = 1782 + -1015. What is the tens digit of v?
6
Let d(z) = z**2 - 12*z + 16. Let p(h) = -h**3 - 2*h**2 + 5*h + 1. Let l be p(-4). What is the tens digit of d(l)?
2
Let v(l) be the third derivative of -l**6/40 - l**5/60 + l**4/24 - 5*l**2. What is the tens digit of v(-2)?
1
Let n be ((-12)/(-15))/(6/1155). Let w = n + -85. What is the units digit of w?
9
Let z = -10 + 11. Let a be (12/(-4) + 3)/z. Suppose a = 5*i - 15, 4*i = 2*s + 3*i - 39. What is the tens digit of s?
2
Suppose -6*s + 4*s + 28 = -2*o, 2*s = -o + 16. Suppose 4*y = s*y - 1848. What is the hundreds digit of y?
3
Let a = 7000 - 4164. What is the units digit of a?
6
Suppose -4*n = -12*n + 19696. What is the thousands digit of n?
2
Let c(n) = n**3 + 14*n**2 + 10*n + 6. Let a be c(-13). What is the hundreds digit of 10/a - (1537/(-9) - 2)?
1
Let l be -3 - (-15 - 1 - (-2 + -1)). What is the units digit of 2808/(-60)*l/(-3)?
6
Let v = 15 + -10. Suppose -2*z = o - v, 0 = 2*z + 2*o - 2. What is the units digit of z?
4
Let t = 3 + 7. Let p = 18 - t. Let k(j) = j**2 - 6*j - 11. What is the units digit of k(p)?
5
Let v = -10 - -244. What is the tens digit of v?
3
Let h(n) = -n + 10. Suppose 80 = 5*s - 2*v + 7*v, 0 = 3*v - 9. Let m = 13 - s. What is the units digit of h(m)?
0
Let n(p) = 13*p + 26. Let o be (1 + 15/(-9))*(-42)/4. What is the hundreds digit of n(o)?
1
Let d(v) = 4*v + 3. Let r be d(-4). Let c(t) = t**2 + 9*t + 16. Let f be c(r). Let m = -45 + f. What is the tens digit of m?
2
Let o(d) be the third derivative of -d**5/60 - 13*d**4/24 + 5*d**3/6 + 7*d**2. Let s be o(-14). What is the units digit of -1 - -1 - (s - -2)?
7
Let f = -42 - -44. Suppose 8 = -f*d, -28 = -2*k - 3*d + 58. What is the tens digit of k?
4
Suppose -2*a + 10 = -10. Let y be 1/2 + 255/a. Suppose s - 2*s - 4*z + 24 = 0, -s - 3*z + y = 0. What is the units digit of s?
2
Let p = -16 + 32. What is the units digit of (p - 16) + 3*58 + 0?
4
What is the units digit of (-2 - -1320)*(6/12 + 0)?
9
Suppose 7*u - 20 = 8. Suppose 5*v = -255 + 675. Suppose -2*h + i + u*i = -24, -v = -4*h + i. What is the units digit of h?
2
Suppose -7*w + 889 + 5712 = 0. What is the tens digit of w?
4
Suppose -484 = -3*x + 2*c - 78, -416 = -3*x + 4*c. Suppose -x = -3*u - u. What is the units digit of u?
3
Let a(h) = -h**3 - 8*h**2 + 33*h + 77. What is the units digit of a(-14)?
1
Let d(y) = y**3 + 17*y**2 + 18*y + 32. What is the tens digit of d(-14)?
6
Let v = 108 + 139. What is the units digit of v?
7
What is the hundreds digit of -2*(1 + (-2485)/14)?
3
Suppose 42 = -4*u + 18. Let o be ((-8)/u)/(14/(-63)). What is the tens digit of (3/o)/(1/(-102))?
5
Let y be 3 - 1*2*26/(-13). What is the units digit of ((-29155)/(-20))/y - 2/8?
8
Let l = 111 - 107. What is the units digit of -2 + (3 - -4) + l?
9
Suppose 35*o = 5*o + 37860. What is the units digit of o?
2
Suppose 74 = 2*n + 56. Suppose -n*g = 31 - 751. What is the tens digit of g?
8
What is the tens digit of (-32)/12*4140/(-24)?
6
Suppose -11*d = -2631 - 5542. What is the units digit of d?
3
Let u(b) = 3*b + 8 - 2*b + 2*b - b. What is the units digit of u(7)?
2
Let v be 1/((-2050)/684 - -3). Suppose 0 = 4*u + 2*u - v. Let d = -13 + u. What is the tens digit of d?
4
Let t(h) = -9*h**2 - h + 5042. What is the tens digit of t(0)?
4
Let h(c) = c - 6. Let x be h(6). Suppose v + 4*v - 365 = x. Suppose v = 4*p - 5*j, 0*p + 8 = -p - 4*j. What is the tens digit of p?
1
Let q = -41 - -39. What is the units digit of 15 + 6*q/(-4)?
8
Suppose 10*p - 31751 - 6049 = 0. What is the units digit of p?
0
Let y = 1249 - 271. What is the units digit of y?
8
Suppose 0 = -2*r + s - 4*s + 1292, 4*r + 5*s = 2580. What is the tens digit of r?
4
Let r be 1/(57/135 + (-4)/18). What is the hundreds digit of (0 - -204) + (6 - r - 5)?
2
Suppose -4 = -2*y, -5*y + 27 = 3*b + 8. Suppose 0*l = 5*l - b*w - 13, 5*w = -5. Suppose 2 = u - l. What is the units digit of u?
4
Suppose 4 = -z, -4*t - 2*z + 3544 = 2*z. What is the units digit of t?
0
Suppose 11*f + 40 = 16*f. Suppose 0 = f*n - 1360 - 208. What is the units digit of n?
6
Let a(n) = -n**2 + 9*n + 4. Let c be a(9). Suppose -5*f - 3*x - 209 = 0, -5*f - 3*x - 197 = -c*x. Let b = 57 + f. What is the units digit of b?
7
Suppose 41*p = 34*p + 9303. What is the thousands digit of p?
1
Let r be -2 - -1*(-1101)/(-3). Suppose -3*b = 4*g - 522, 2*b + g - r = 4*g. What is the units digit of b?
8
Suppose -27*g + 18*g = -621. What is the tens digit of g?
6
Let m(w) = -3*w**3 - 6 - 2*w**3 + 13 + 4*w**3. Let q be m(0). Suppose -q*y + 48 = -3*y. What is the units digit of y?
2
Suppose 2*p + 3*v = 71, 5*v - 72 = -2*p + 3*v. Suppose -p = 9*y - 127. What is the tens digit of y?
1
Suppose v = 5*v + 264. What is the tens digit of -4 + (-2)/(-1) - v?
6
Let u(i) = 3*i + 8. Let y be u(-4). Let o = y + 9. Suppose 0*f + o*f = 85. What is the units digit of f?
7
Suppose -2*o + 8096 = -2*r, -7016 = 3*o + r - 19156. What is the tens digit of o?
4
Let u = -96 - -51. Let m = u + 4. Let j = m - -101. What is the units digit of j?
0
Let y be -1 + 5/((-10)/72). Let n = -32 - y. Suppose 0 = n*u - 3*s - 16, 2*s + 6 = 2. What is the units digit of u?
2
Suppose 96 = o - 5*o. Let g(k) = -k**3 - 23*k**2 + 19*k + 30. What is the hundreds digit of g(o)?
1
Suppose 0*c + 30 = 3*c + 2*b, 3*b + 20 = 2*c. Let k be (16/c)/(10/100). Suppose -4*p = -96 - k. What is the units digit of p?
8
Suppose 0 = -0*s + 3*s - 114. Let n = 17 - s. Let u = n + 38. What is the units digit of u?
7
Let g be (-66)/(-4)*(-4)/(-3). Let y be (4/(-8) - 0)*g. What is the units digit of y/(165/54)*-5?
8
Let g be (-2)/7 + (-363)/(-21). Suppose 4*l + 5 = g. Suppose 3*m = 3*d + 81, l*m = -4*d + 75 + 41. What is the tens digit of m?
3
Let l be 21 - (4 + -5 - 2). Suppose -3*v = -y - y + 31, -2*y - 4*v = -l. What is the units digit of y?
4
Suppose -3*d - 13 = 224. Let i = -147 - d. Let g = -39 - i. What is the units digit of g?
9
Let m(l) = -4*l + 2 - l**3 + 4 - 10*l**2 + 14*l. Suppose 4*v + 49 = -3*z, v + 15 = -4*z + 3*z. What is the tens digit of m(z)?
1
Let v = -7 + 7. Suppose -9 = -y - v*y. Suppose 0*h + h = y. What is the units digit of h?
9
Let k(q) = -2*q - 23. Let z be k(-14). Let p(h) = -h**3 - 5*h**2 + 2. Let r be p(-5). Suppose z*t - 3 = r*t, -5*m + 41 = -4*t. What is the units digit of m?
9
Suppose 2952 = 3*x + x. Suppose 2*h - x = -h. Suppose -72 = 4*i - 2*r - h, -5*i - 5*r + 225 = 0. What is the tens digit of i?
4
Let w(p) = p**2 - 9*p. Let l be w(9). Suppose b + 5*o - 28 = 0, o = b + 2 - l. Suppose 2*r + 5*m - 15 = b, 2*m = -3*r + 49. What is the tens digit of r?
1
Let n = -2064 - -5095. What is the units digit of n?
1
Suppose -4*l + l + 249 = 0. Let p = l + -10. What is the tens digit of p?
7
Suppose -4*t + 211 = 3*r, -t = -2*t - 4*r + 56. Suppose -7 = 2*k + 23. Let n = t + k. What is the tens digit of n?
3
Suppose 871 = -3*i + 3346. What is the hundreds digit of i?
8
Let r be 0 - -9 - (2 - 1). Suppose r = 2*q - 2. Let g = 